{"id":8017,"date":"2019-04-18T13:05:51","date_gmt":"2019-04-18T11:05:51","guid":{"rendered":"http:\/\/filharmoniapoznanska.pl\/elzbieta-kralkowska-mielcarek\/"},"modified":"2019-06-05T10:50:25","modified_gmt":"2019-06-05T08:50:25","slug":"elzbieta-kralkowska-mielcarek","status":"publish","type":"page","link":"https:\/\/filharmoniapoznanska.pl\/en\/philharmonic\/management\/elzbieta-kralkowska-mielcarek\/","title":{"rendered":"El\u017cbieta Kralkowska-Mielcarek"},"content":{"rendered":"<div id=\"pl-8017\"  class=\"panel-layout\" ><div id=\"pg-8017-0\"  class=\"panel-grid panel-no-style\" ><div id=\"pgc-8017-0-0\"  class=\"panel-grid-cell\" ><div id=\"panel-8017-0-0-0\" class=\"so-panel widget widget_sow-image panel-first-child panel-last-child\" data-index=\"0\" ><div\n\t\t\t\n\t\t\tclass=\"so-widget-sow-image so-widget-sow-image-default-113ccd71f3e6-8017\"\n\t\t\t\n\t\t>\n<div class=\"sow-image-container\">\n\t\t<img \n\tsrc=\"https:\/\/filharmoniapoznanska.pl\/wp-content\/uploads\/2019\/06\/Elzbieta-KRALKOWSKA-MIELCAREK.jpg\" width=\"200\" height=\"200\" srcset=\"https:\/\/filharmoniapoznanska.pl\/wp-content\/uploads\/2019\/06\/Elzbieta-KRALKOWSKA-MIELCAREK.jpg 200w, https:\/\/filharmoniapoznanska.pl\/wp-content\/uploads\/2019\/06\/Elzbieta-KRALKOWSKA-MIELCAREK-150x150.jpg 150w, https:\/\/filharmoniapoznanska.pl\/wp-content\/uploads\/2019\/06\/Elzbieta-KRALKOWSKA-MIELCAREK-102x102.jpg 102w\" sizes=\"(max-width: 200px) 100vw, 200px\" alt=\"El\u017cbieta\u00a0KRALKOWSKA-MIELCAREK\" \t\tclass=\"so-widget-image\"\/>\n\t<\/div>\n\n<\/div><\/div><\/div><div id=\"pgc-8017-0-1\"  class=\"panel-grid-cell\" ><div id=\"panel-8017-0-1-0\" class=\"so-panel widget widget_sow-editor panel-first-child panel-last-child\" data-index=\"1\" ><div\n\t\t\t\n\t\t\tclass=\"so-widget-sow-editor so-widget-sow-editor-base\"\n\t\t\t\n\t\t>\n<div class=\"siteorigin-widget-tinymce textwidget\">\n\t<p><strong>El\u017cbieta\u00a0KRALKOWSKA-MIELCAREK<\/strong><br \/>\nDeputy Director<\/p>\n<\/div>\n<\/div><\/div><\/div><\/div><\/div>","protected":false},"excerpt":{"rendered":"<p>El\u017cbieta\u00a0KRALKOWSKA-MIELCAREK Deputy Director<\/p>\n","protected":false},"author":1,"featured_media":0,"parent":3967,"menu_order":0,"comment_status":"closed","ping_status":"closed","template":"","meta":{"_acf_changed":false,"footnotes":""},"class_list":["post-8017","page","type-page","status-publish","hentry"],"acf":[],"yoast_head":"<!-- This site is optimized with the Yoast SEO plugin v27.3 - https:\/\/yoast.com\/product\/yoast-seo-wordpress\/ -->\n<title>Filharmonia Pozna\u0144ska - El\u017cbieta Kralkowska-Mielcarek<\/title>\n<meta name=\"robots\" content=\"index, follow, max-snippet:-1, max-image-preview:large, max-video-preview:-1\" \/>\n<link rel=\"canonical\" href=\"https:\/\/filharmoniapoznanska.pl\/en\/philharmonic\/management\/elzbieta-kralkowska-mielcarek\/\" \/>\n<meta property=\"og:locale\" content=\"en_US\" \/>\n<meta property=\"og:type\" content=\"article\" \/>\n<meta property=\"og:title\" content=\"Filharmonia Pozna\u0144ska - El\u017cbieta Kralkowska-Mielcarek\" \/>\n<meta property=\"og:description\" content=\"El\u017cbieta\u00a0KRALKOWSKA-MIELCAREK Deputy Director\" \/>\n<meta property=\"og:url\" content=\"https:\/\/filharmoniapoznanska.pl\/en\/philharmonic\/management\/elzbieta-kralkowska-mielcarek\/\" \/>\n<meta property=\"og:site_name\" content=\"Filharmonia Pozna\u0144ska\" \/>\n<meta property=\"article:modified_time\" content=\"2019-06-05T08:50:25+00:00\" \/>\n<meta name=\"twitter:card\" content=\"summary_large_image\" \/>\n<script type=\"application\/ld+json\" class=\"yoast-schema-graph\">{\"@context\":\"https:\\\/\\\/schema.org\",\"@graph\":[{\"@type\":\"WebPage\",\"@id\":\"https:\\\/\\\/filharmoniapoznanska.pl\\\/en\\\/philharmonic\\\/management\\\/elzbieta-kralkowska-mielcarek\\\/\",\"url\":\"https:\\\/\\\/filharmoniapoznanska.pl\\\/en\\\/philharmonic\\\/management\\\/elzbieta-kralkowska-mielcarek\\\/\",\"name\":\"Filharmonia Pozna\u0144ska - El\u017cbieta Kralkowska-Mielcarek\",\"isPartOf\":{\"@id\":\"https:\\\/\\\/filharmoniapoznanska.pl\\\/#website\"},\"datePublished\":\"2019-04-18T11:05:51+00:00\",\"dateModified\":\"2019-06-05T08:50:25+00:00\",\"breadcrumb\":{\"@id\":\"https:\\\/\\\/filharmoniapoznanska.pl\\\/en\\\/philharmonic\\\/management\\\/elzbieta-kralkowska-mielcarek\\\/#breadcrumb\"},\"inLanguage\":\"en-US\",\"potentialAction\":[{\"@type\":\"ReadAction\",\"target\":[\"https:\\\/\\\/filharmoniapoznanska.pl\\\/en\\\/philharmonic\\\/management\\\/elzbieta-kralkowska-mielcarek\\\/\"]}]},{\"@type\":\"BreadcrumbList\",\"@id\":\"https:\\\/\\\/filharmoniapoznanska.pl\\\/en\\\/philharmonic\\\/management\\\/elzbieta-kralkowska-mielcarek\\\/#breadcrumb\",\"itemListElement\":[{\"@type\":\"ListItem\",\"position\":1,\"name\":\"Strona g\u0142\u00f3wna\",\"item\":\"https:\\\/\\\/filharmoniapoznanska.pl\\\/en\\\/\"},{\"@type\":\"ListItem\",\"position\":2,\"name\":\"Philharmonic\",\"item\":\"https:\\\/\\\/filharmoniapoznanska.pl\\\/en\\\/philharmonic\\\/\"},{\"@type\":\"ListItem\",\"position\":3,\"name\":\"management\",\"item\":\"https:\\\/\\\/filharmoniapoznanska.pl\\\/en\\\/philharmonic\\\/management\\\/\"},{\"@type\":\"ListItem\",\"position\":4,\"name\":\"El\u017cbieta Kralkowska-Mielcarek\"}]},{\"@type\":\"WebSite\",\"@id\":\"https:\\\/\\\/filharmoniapoznanska.pl\\\/#website\",\"url\":\"https:\\\/\\\/filharmoniapoznanska.pl\\\/\",\"name\":\"Filharmonia Pozna\u0144ska\",\"description\":\"\",\"potentialAction\":[{\"@type\":\"SearchAction\",\"target\":{\"@type\":\"EntryPoint\",\"urlTemplate\":\"https:\\\/\\\/filharmoniapoznanska.pl\\\/?s={search_term_string}\"},\"query-input\":{\"@type\":\"PropertyValueSpecification\",\"valueRequired\":true,\"valueName\":\"search_term_string\"}}],\"inLanguage\":\"en-US\"}]}<\/script>\n<!-- \/ Yoast SEO plugin. -->","yoast_head_json":{"title":"Filharmonia Pozna\u0144ska - El\u017cbieta Kralkowska-Mielcarek","robots":{"index":"index","follow":"follow","max-snippet":"max-snippet:-1","max-image-preview":"max-image-preview:large","max-video-preview":"max-video-preview:-1"},"canonical":"https:\/\/filharmoniapoznanska.pl\/en\/philharmonic\/management\/elzbieta-kralkowska-mielcarek\/","og_locale":"en_US","og_type":"article","og_title":"Filharmonia Pozna\u0144ska - El\u017cbieta Kralkowska-Mielcarek","og_description":"El\u017cbieta\u00a0KRALKOWSKA-MIELCAREK Deputy Director","og_url":"https:\/\/filharmoniapoznanska.pl\/en\/philharmonic\/management\/elzbieta-kralkowska-mielcarek\/","og_site_name":"Filharmonia Pozna\u0144ska","article_modified_time":"2019-06-05T08:50:25+00:00","twitter_card":"summary_large_image","schema":{"@context":"https:\/\/schema.org","@graph":[{"@type":"WebPage","@id":"https:\/\/filharmoniapoznanska.pl\/en\/philharmonic\/management\/elzbieta-kralkowska-mielcarek\/","url":"https:\/\/filharmoniapoznanska.pl\/en\/philharmonic\/management\/elzbieta-kralkowska-mielcarek\/","name":"Filharmonia Pozna\u0144ska - El\u017cbieta Kralkowska-Mielcarek","isPartOf":{"@id":"https:\/\/filharmoniapoznanska.pl\/#website"},"datePublished":"2019-04-18T11:05:51+00:00","dateModified":"2019-06-05T08:50:25+00:00","breadcrumb":{"@id":"https:\/\/filharmoniapoznanska.pl\/en\/philharmonic\/management\/elzbieta-kralkowska-mielcarek\/#breadcrumb"},"inLanguage":"en-US","potentialAction":[{"@type":"ReadAction","target":["https:\/\/filharmoniapoznanska.pl\/en\/philharmonic\/management\/elzbieta-kralkowska-mielcarek\/"]}]},{"@type":"BreadcrumbList","@id":"https:\/\/filharmoniapoznanska.pl\/en\/philharmonic\/management\/elzbieta-kralkowska-mielcarek\/#breadcrumb","itemListElement":[{"@type":"ListItem","position":1,"name":"Strona g\u0142\u00f3wna","item":"https:\/\/filharmoniapoznanska.pl\/en\/"},{"@type":"ListItem","position":2,"name":"Philharmonic","item":"https:\/\/filharmoniapoznanska.pl\/en\/philharmonic\/"},{"@type":"ListItem","position":3,"name":"management","item":"https:\/\/filharmoniapoznanska.pl\/en\/philharmonic\/management\/"},{"@type":"ListItem","position":4,"name":"El\u017cbieta Kralkowska-Mielcarek"}]},{"@type":"WebSite","@id":"https:\/\/filharmoniapoznanska.pl\/#website","url":"https:\/\/filharmoniapoznanska.pl\/","name":"Filharmonia Pozna\u0144ska","description":"","potentialAction":[{"@type":"SearchAction","target":{"@type":"EntryPoint","urlTemplate":"https:\/\/filharmoniapoznanska.pl\/?s={search_term_string}"},"query-input":{"@type":"PropertyValueSpecification","valueRequired":true,"valueName":"search_term_string"}}],"inLanguage":"en-US"}]}},"_links":{"self":[{"href":"https:\/\/filharmoniapoznanska.pl\/en\/wp-json\/wp\/v2\/pages\/8017","targetHints":{"allow":["GET"]}}],"collection":[{"href":"https:\/\/filharmoniapoznanska.pl\/en\/wp-json\/wp\/v2\/pages"}],"about":[{"href":"https:\/\/filharmoniapoznanska.pl\/en\/wp-json\/wp\/v2\/types\/page"}],"author":[{"embeddable":true,"href":"https:\/\/filharmoniapoznanska.pl\/en\/wp-json\/wp\/v2\/users\/1"}],"replies":[{"embeddable":true,"href":"https:\/\/filharmoniapoznanska.pl\/en\/wp-json\/wp\/v2\/comments?post=8017"}],"version-history":[{"count":8,"href":"https:\/\/filharmoniapoznanska.pl\/en\/wp-json\/wp\/v2\/pages\/8017\/revisions"}],"predecessor-version":[{"id":9828,"href":"https:\/\/filharmoniapoznanska.pl\/en\/wp-json\/wp\/v2\/pages\/8017\/revisions\/9828"}],"up":[{"embeddable":true,"href":"https:\/\/filharmoniapoznanska.pl\/en\/wp-json\/wp\/v2\/pages\/3967"}],"wp:attachment":[{"href":"https:\/\/filharmoniapoznanska.pl\/en\/wp-json\/wp\/v2\/media?parent=8017"}],"curies":[{"name":"wp","href":"https:\/\/api.w.org\/{rel}","templated":true}]}}

Elżbieta Kralkowska-Mielcarek

<div id="pl-8017"  class="panel-layout" ><div id="pg-8017-0"  class="panel-grid panel-no-style" ><div id="pgc-8017-0-0"  class="panel-grid-cell" ><div id="panel-8017-0-0-0" class="so-panel widget widget_sow-image panel-first-child panel-last-child" data-index="0" ><div
			
			class="so-widget-sow-image so-widget-sow-image-default-113ccd71f3e6-8017"
			
		>
<div class="sow-image-container">
		<img 
	src="https://filharmoniapoznanska.pl/wp-content/uploads/2019/06/Elzbieta-KRALKOWSKA-MIELCAREK.jpg" width="200" height="200" srcset="https://filharmoniapoznanska.pl/wp-content/uploads/2019/06/Elzbieta-KRALKOWSKA-MIELCAREK.jpg 200w, https://filharmoniapoznanska.pl/wp-content/uploads/2019/06/Elzbieta-KRALKOWSKA-MIELCAREK-150x150.jpg 150w, https://filharmoniapoznanska.pl/wp-content/uploads/2019/06/Elzbieta-KRALKOWSKA-MIELCAREK-102x102.jpg 102w" sizes="(max-width: 200px) 100vw, 200px" alt="Elżbieta KRALKOWSKA-MIELCAREK" 		class="so-widget-image"/>
	</div>

</div></div></div><div id="pgc-8017-0-1"  class="panel-grid-cell" ><div id="panel-8017-0-1-0" class="so-panel widget widget_sow-editor panel-first-child panel-last-child" data-index="1" ><div
			
			class="so-widget-sow-editor so-widget-sow-editor-base"
			
		>
<div class="siteorigin-widget-tinymce textwidget">
	<p><strong>Elżbieta KRALKOWSKA-MIELCAREK</strong><br />
Deputy Director</p>
</div>
</div></div></div></div></div>

<p>Elżbieta KRALKOWSKA-MIELCAREK Deputy Director</p>

<!-- This site is optimized with the Yoast SEO plugin v27.3 - https://yoast.com/product/yoast-seo-wordpress/ -->
<title>Filharmonia Poznańska - Elżbieta Kralkowska-Mielcarek</title>
<meta name="robots" content="index, follow, max-snippet:-1, max-image-preview:large, max-video-preview:-1" />
<link rel="canonical" href="https://filharmoniapoznanska.pl/en/philharmonic/management/elzbieta-kralkowska-mielcarek/" />
<meta property="og:locale" content="en_US" />
<meta property="og:type" content="article" />
<meta property="og:title" content="Filharmonia Poznańska - Elżbieta Kralkowska-Mielcarek" />
<meta property="og:description" content="Elżbieta KRALKOWSKA-MIELCAREK Deputy Director" />
<meta property="og:url" content="https://filharmoniapoznanska.pl/en/philharmonic/management/elzbieta-kralkowska-mielcarek/" />
<meta property="og:site_name" content="Filharmonia Poznańska" />
<meta property="article:modified_time" content="2019-06-05T08:50:25+00:00" />
<meta name="twitter:card" content="summary_large_image" />
<script type="application/ld+json" class="yoast-schema-graph">{"@context":"https:\/\/schema.org","@graph":[{"@type":"WebPage","@id":"https:\/\/filharmoniapoznanska.pl\/en\/philharmonic\/management\/elzbieta-kralkowska-mielcarek\/","url":"https:\/\/filharmoniapoznanska.pl\/en\/philharmonic\/management\/elzbieta-kralkowska-mielcarek\/","name":"Filharmonia Poznańska - Elżbieta Kralkowska-Mielcarek","isPartOf":{"@id":"https:\/\/filharmoniapoznanska.pl\/#website"},"datePublished":"2019-04-18T11:05:51+00:00","dateModified":"2019-06-05T08:50:25+00:00","breadcrumb":{"@id":"https:\/\/filharmoniapoznanska.pl\/en\/philharmonic\/management\/elzbieta-kralkowska-mielcarek\/#breadcrumb"},"inLanguage":"en-US","potentialAction":[{"@type":"ReadAction","target":["https:\/\/filharmoniapoznanska.pl\/en\/philharmonic\/management\/elzbieta-kralkowska-mielcarek\/"]}]},{"@type":"BreadcrumbList","@id":"https:\/\/filharmoniapoznanska.pl\/en\/philharmonic\/management\/elzbieta-kralkowska-mielcarek\/#breadcrumb","itemListElement":[{"@type":"ListItem","position":1,"name":"Strona główna","item":"https:\/\/filharmoniapoznanska.pl\/en\/"},{"@type":"ListItem","position":2,"name":"Philharmonic","item":"https:\/\/filharmoniapoznanska.pl\/en\/philharmonic\/"},{"@type":"ListItem","position":3,"name":"management","item":"https:\/\/filharmoniapoznanska.pl\/en\/philharmonic\/management\/"},{"@type":"ListItem","position":4,"name":"Elżbieta Kralkowska-Mielcarek"}]},{"@type":"WebSite","@id":"https:\/\/filharmoniapoznanska.pl\/#website","url":"https:\/\/filharmoniapoznanska.pl\/","name":"Filharmonia Poznańska","description":"","potentialAction":[{"@type":"SearchAction","target":{"@type":"EntryPoint","urlTemplate":"https:\/\/filharmoniapoznanska.pl\/?s={search_term_string}"},"query-input":{"@type":"PropertyValueSpecification","valueRequired":true,"valueName":"search_term_string"}}],"inLanguage":"en-US"}]}</script>
<!-- / Yoast SEO plugin. -->

Filharmonia Poznańska - Elżbieta Kralkowska-Mielcarek

Elżbieta KRALKOWSKA-MIELCAREK Deputy Director

Filharmonia Poznańska

Strona główna
