{"version":"1.0","provider_name":"Filharmonia Pozna\u0144ska","provider_url":"https:\/\/filharmoniapoznanska.pl\/en\/","author_name":"ozimas","author_url":"https:\/\/filharmoniapoznanska.pl\/en\/author\/ozimas\/","title":"Teresa MAJKA-PACANEK - Filharmonia Pozna\u0144ska","type":"rich","width":600,"height":338,"html":"<blockquote class=\"wp-embedded-content\" data-secret=\"6JKJIXUyCq\"><a href=\"https:\/\/filharmoniapoznanska.pl\/en\/artists\/teresa-majka-pacanek\/\">Teresa MAJKA-PACANEK<\/a><\/blockquote><iframe sandbox=\"allow-scripts\" security=\"restricted\" src=\"https:\/\/filharmoniapoznanska.pl\/en\/artists\/teresa-majka-pacanek\/embed\/#?secret=6JKJIXUyCq\" width=\"600\" height=\"338\" title=\"&#8220;Teresa MAJKA-PACANEK&#8221; &#8212; Filharmonia Pozna\u0144ska\" data-secret=\"6JKJIXUyCq\" frameborder=\"0\" marginwidth=\"0\" marginheight=\"0\" scrolling=\"no\" class=\"wp-embedded-content\"><\/iframe><script type=\"text\/javascript\">\n\/* <![CDATA[ *\/\n\/*! This file is auto-generated *\/\n!function(d,l){\"use strict\";l.querySelector&&d.addEventListener&&\"undefined\"!=typeof URL&&(d.wp=d.wp||{},d.wp.receiveEmbedMessage||(d.wp.receiveEmbedMessage=function(e){var t=e.data;if((t||t.secret||t.message||t.value)&&!\/[^a-zA-Z0-9]\/.test(t.secret)){for(var s,r,n,a=l.querySelectorAll('iframe[data-secret=\"'+t.secret+'\"]'),o=l.querySelectorAll('blockquote[data-secret=\"'+t.secret+'\"]'),c=new RegExp(\"^https?:$\",\"i\"),i=0;i<o.length;i++)o[i].style.display=\"none\";for(i=0;i<a.length;i++)s=a[i],e.source===s.contentWindow&&(s.removeAttribute(\"style\"),\"height\"===t.message?(1e3<(r=parseInt(t.value,10))?r=1e3:~~r<200&&(r=200),s.height=r):\"link\"===t.message&&(r=new URL(s.getAttribute(\"src\")),n=new URL(t.value),c.test(n.protocol))&&n.host===r.host&&l.activeElement===s&&(d.top.location.href=t.value))}},d.addEventListener(\"message\",d.wp.receiveEmbedMessage,!1),l.addEventListener(\"DOMContentLoaded\",function(){for(var e,t,s=l.querySelectorAll(\"iframe.wp-embedded-content\"),r=0;r<s.length;r++)(t=(e=s[r]).getAttribute(\"data-secret\"))||(t=Math.random().toString(36).substring(2,12),e.src+=\"#?secret=\"+t,e.setAttribute(\"data-secret\",t)),e.contentWindow.postMessage({message:\"ready\",secret:t},\"*\")},!1)))}(window,document);\n\/* ]]> *\/\n<\/script>\n","thumbnail_url":"https:\/\/filharmoniapoznanska.pl\/wp-content\/uploads\/2019\/02\/Majka-Pacanek-Teresa.jpg","thumbnail_width":333,"thumbnail_height":499,"description":"Teresa Majka-Pacanek uko\u0144czy\u0142a Wydzia\u0142 Wychowania Muzycznego Akademii Muzycznej w Krakowie, w klasie prof. Arkadiusza Basztonia. Podczas studi\u00f3w rozpocz\u0119\u0142a wsp\u00f3\u0142prac\u0119 z ch\u00f3rami amatorskimi, zdobywaj\u0105c do\u015bwiadczenie jako dyrygent i doskonal\u0105c tym samym swoje umiej\u0119tno\u015bci. Od roku 1983 prowadzi Ch\u00f3r M\u0119ski Has\u0142o im. dra Henryka Jordana. W latach 1984-1989 pracowa\u0142a w Pa\u0144stwowym Liceum Muzycznym im. Fryderyka Chopina w [&hellip;]"}

Filharmonia Poznańska

Teresa MAJKA-PACANEK - Filharmonia Poznańska

<blockquote class="wp-embedded-content" data-secret="6JKJIXUyCq"><a href="https://filharmoniapoznanska.pl/en/artists/teresa-majka-pacanek/">Teresa MAJKA-PACANEK</a></blockquote><iframe sandbox="allow-scripts" security="restricted" src="https://filharmoniapoznanska.pl/en/artists/teresa-majka-pacanek/embed/#?secret=6JKJIXUyCq" width="600" height="338" title="&#8220;Teresa MAJKA-PACANEK&#8221; &#8212; Filharmonia Poznańska" data-secret="6JKJIXUyCq" frameborder="0" marginwidth="0" marginheight="0" scrolling="no" class="wp-embedded-content"></iframe><script type="text/javascript">
/* <![CDATA[ */
/*! This file is auto-generated */
!function(d,l){"use strict";l.querySelector&&d.addEventListener&&"undefined"!=typeof URL&&(d.wp=d.wp||{},d.wp.receiveEmbedMessage||(d.wp.receiveEmbedMessage=function(e){var t=e.data;if((t||t.secret||t.message||t.value)&&!/[^a-zA-Z0-9]/.test(t.secret)){for(var s,r,n,a=l.querySelectorAll('iframe[data-secret="'+t.secret+'"]'),o=l.querySelectorAll('blockquote[data-secret="'+t.secret+'"]'),c=new RegExp("^https?:$","i"),i=0;i<o.length;i++)o[i].style.display="none";for(i=0;i<a.length;i++)s=a[i],e.source===s.contentWindow&&(s.removeAttribute("style"),"height"===t.message?(1e3<(r=parseInt(t.value,10))?r=1e3:~~r<200&&(r=200),s.height=r):"link"===t.message&&(r=new URL(s.getAttribute("src")),n=new URL(t.value),c.test(n.protocol))&&n.host===r.host&&l.activeElement===s&&(d.top.location.href=t.value))}},d.addEventListener("message",d.wp.receiveEmbedMessage,!1),l.addEventListener("DOMContentLoaded",function(){for(var e,t,s=l.querySelectorAll("iframe.wp-embedded-content"),r=0;r<s.length;r++)(t=(e=s[r]).getAttribute("data-secret"))||(t=Math.random().toString(36).substring(2,12),e.src+="#?secret="+t,e.setAttribute("data-secret",t)),e.contentWindow.postMessage({message:"ready",secret:t},"*")},!1)))}(window,document);
/* ]]> */
</script>

Teresa Majka-Pacanek ukończyła Wydział Wychowania Muzycznego Akademii Muzycznej w Krakowie, w klasie prof. Arkadiusza Basztonia. Podczas studiów rozpoczęła współpracę z chórami amatorskimi, zdobywając doświadczenie jako dyrygent i doskonaląc tym samym swoje umiejętności. Od roku 1983 prowadzi Chór Męski Hasło im. dra Henryka Jordana. W latach 1984-1989 pracowała w Państwowym Liceum Muzycznym im. Fryderyka Chopina w [&hellip;]
